 + (13 + -4 - 2).
-4
What is the value of (10 - (11 - 7)) + (-3 - -2)?
5
2 - -2 - (6 - -2)
-4
Calculate (24 - 14) + -16 + 8.
2
What is the value of 3 + (-2 + -2 - -5)?
4
3 - (-4 - (-3 - (-2 - 0)))
6
What is the value of -1 + 4 + 4 + -5?
2
-9 - (-7 - (11 - 4))
5
What is the value of (0 - -3 - -1) + -8?
-4
1 + -1 - (7 + -4 + 1)
-4
-5 - 1 - (-4 - -2 - 2)
-2
Evaluate 0 + -10 - (33 - 44).
1
What is 2 - (-3 + 8 + -2)?
-1
What is -8 + (-2 + 2 - -3)?
-5
What is the value of 7 - ((-2 - -12) + -5)?
2
What is -2 - -2 - 6 - -4?
-2
-13 - ((3 - 3) + -3 + -3)
-7
What is the value of -10 + (12 - (-5 - -6))?
1
Calculate (-1 - -14) + -1 + -5.
7
(-1 - 0) + 3 + -6 + 6
2
What is 12 + -6 + -8 - 3?
-5
-7 + 0 + 9 - 6
-4
Evaluate (-6 - -7) + -6 - -8.
3
-5 + (-1 - 2) + 7 + 0
-1
What is (5 - (9 - 5)) + (3 - -1)?
5
(1 - 6) + (4 - -3) + -6
-4
What is the value of -12 - (-8 + 5) - -5?
-4
What is -2 - 5 - (1 + -3)?
-5
What is the value of -9 - (-1 - 1) - -4?
-3
Calculate 47 + -42 - (-3 + 0).
8
-5 + 15 - 9 - (2 - -3)
-4
2 + -6 + (4 - 1)
-1
Evaluate 5 - (-2 - -14) - (0 + -2).
-5
What is (-6 - -2) + 6 + -2?
0
What is the value of 4 + (-1 - (3 + -5))?
5
What is 6 + 1 + -10 - (0 + -4)?
1
What is -4 + 3 + 5 + -3 - 2?
-1
-5 + 0 - (2 + -5)
-2
Calculate -2 + -4 + 0 + 11 - 2.
3
Evaluate (3 - -1 - -2) + -9.
-3
-5 + -2 + 4 - 2
-5
What is the value of (1 - (-5 + 5)) + -1?
0
What is the value of (1 - 5) + 15 - 13?
-2
Evaluate 3 + 3 - (3 - -2).
1
(7 - 3) + (1 - 1) - 9
-5
5 + (-1 - -5) + -10
-1
What is -1 + -2 + 10 + -10?
-3
What is 0 + 4 + -6 + (3 - 0)?
1
2 - (-5 + -1 + 1 - -4)
3
Evaluate 1 - 0 - (-8 + -11 + 10).
10
What is the value of -6 + 3 + 0 + (-2 - 0)?
-5
Evaluate 2 + -4 + 4 - (-10 + 7).
5
Evaluate 4 + (6 + -2 - (12 + -1)).
-3
Evaluate -2 + (4 - (-4 + (5 - 2))).
3
Calculate -3 + 4 - (1 + (-1 - 1)).
2
What is -4 + (1 - (0 + -2))?
-1
Evaluate 67 - 56 - (-1 + (6 - 0)).
6
What is 1 - 2 - (2 + -4 + 6)?
-5
What is the value of (-7 - (11 - 10)) + 2?
-6
What is 0 + -17 + (74 - 61)?
-4
Evaluate -4 + 3 + (-1 - 1) + 2.
-1
Calculate 3 + (-2 - -3 - 2).
2
Evaluate 0 - (-11 - -9 - -2).
0
Evaluate (1 - 0) + (5 + -10 - -8).
4
(6 - -6) + -7 + 1
6
What is -2 + -3 + -4 + 3 + 4?
-2
What is 1 + (-4 - -6) + -2 + -3?
-2
Calculate 17 - 16 - (1 - (-1 - -5)).
4
What is (-5 - (-2 + 6 + -12)) + 1?
4
What is the value of -18 - -8 - (0 - 8)?
-2
What is the value of -1 - 1 - (63 + -67)?
2
-3 + 0 + 1 - -12 - 5
5
(1 - 7) + -5 + 15
4
Evaluate -5 + 20 + (-4 - 3) - 6.
2
Calculate -2 - -3 - 7 - (1 - 4).
-3
3 + 6 + (-6 - -2)
5
Evaluate 2 + 0 + 4 + (-42 - -38).
2
Evaluate 5 + (2 + -3 + -7 - 3).
-6
What is -4 + (7 - 6) + 6?
3
Calculate 3 + (-3 - (5 - 7)).
2
Evaluate (0 - 0) + -11 + -335 + 338.
-8
What is the value of (1 - (5 - 2)) + -2?
-4
Evaluate 2 + (8 - 0) - (2 + 3).
5
-6 + 0 + (13 - 10)
-3
What is the value of 0 - 3 - (-14 - -11)?
0
What is 4 + (1 - (2 + -2))?
5
What is the value of (1 - 10) + (30 - 18)?
3
-8 - (2 - 3) - (-2 + 0)
-5
What is the value of (6 - 15) + (-1 - (-8 - -3))?
-5
Calculate -8 + 10 - (0 - 3).
5
What is (1 - (-1 + 0)) + -48 + 50?
4
What is -1 - (3 + (-3 - 1))?
0
What is the value of 2 + -1 + 5 + -6 + -1?
-1
Evaluate -4 - (-6 + (-8 - -6)).
4
Calculate -10 + 4 + -5 + (6 - 2).
-7
What is 3 - ((-10 - -10) + -1)?
4
Evaluate 2 + 2 + -10 - (0 + -1).
-5
0 - (7 - (-1 + -3 + 6))
-5
What is -3 - (1 - (0 + -1 + 5))?
0
What is -1 - -3 - (2 - (5 - 5))?
0
Calculate 1 + -6 - (3 + 7 + -5).
-10
What is the value of 1 + (-4 - (1 - -1) - -3)?
-2
What is the value of -7 + (-1 - (-6 + 5)) + 6?
-1
What is the value of -2 + 4 - -4 - 2?
4
What is the value of -6 + (0 + 9 - (-6 - -7))?
2
Evaluate (0 - 6) + 5 + -1 + 0.
-2
Evaluate 69 + -64 - (-2 - (0 + -4)).
3
What is the value of 0 - (-6 - 0) - 3 - 5?
-2
What is 0 + 1 + 22 + -22?
1
What is 0 + (0 + -5 + 3 - 1)?
-3
Calculate (5 - 0 - 11) + 10.
4
Calculate 3 + 4 + (-4 - 3).
0
What is 4 - (8 + 0) - -8 - 1?
3
What is the value of 12 + -8 + -7 + 4 + -2?
-1
0 - (-5 - (0 + 0))
5
2 - (-9 + 14 - 5)
2
Evaluate 6 + 1 + -19 + 4 + 1.
-7
(-2 - -1) + -24 + 21
-4
Calculate 6 - (6 - (-2 + 2)).
0
-5 + (6 + -7 - -11)
5
3 - (-1 - (-8 - -4))
0
Evaluate (2 - 0 - 3) + -2 + 7.
4
What is the value of 2 + (-1 + -11 + 1 - -4)?
-5
What is (3 - 3) + 6 + -5 - 3?
-2
Calculate -6 + -2 - (-7 - -2).
-3
Calculate -6 + -3 + 2 + -2 - -6.
-3
Calculate (-5 - -6) + (8 - 14).
-5
What is (8 - 7) + (0 - (1 + -5))?
5
Calculate 6 + (1 - 0 - (2 - -2)).
3
What is the value of 19 + -17 + 1 + 0?
3
What is 1 + 0 + (2 - 2) - 2?
-1
Calculate 2 - -2 - (-2 + 10).
-4
Evaluate 0 - ((3 - 10) + (0 - -3)).
4
-6 + 10 + (-3 - 2)
-1
Calculate 2 + (-3 - 1 - -1).
-1
What is the value of 0 + -2 + (-1 - -2 - 3)?
-4
Evaluate -1 - (-4 + 1) - 7.
-5
Calculate (0 - 4) + -1 + 5 + 2.
2
Evaluate -5 + 9 + (1 - 5).
0
Evaluate -61 - -60 - (6 - -1).
-8
Calculate 5 + -2 - (0 + 4).
-1
3 + (5 - (11 + -9 + 5))
1
4 - (9 + -10 - -6)
-1
-3 + (5 + -6 - 0 - 2)
-6
What is the value of 1 - (2 + -3 + 3) - 4?
-5
What is 5 + -10 + 4 - -4?
3
Evaluate (12 - (13 + 1)) + (-1 - -3).
0
What is the value of 3 + -1 + -1 - (-27 - -23)?
5
What is (-1 - -3) + -2 - 2?
-2
What is the value of -1 - -6 - (-2 + 8)?
-1
(1 - -1) + 0 + 0 + -2
0
What is (4 - (9 + -2)) + 1 + -1?
-3
Calculate 3 + (-7 - -7) - (-1 - -3).
1
Calculate -3 + -2 + (0 - (-1 + -1)).
-3
What is 8 + (5 + -4 - 1)?
8
Evaluate (-8 - (0 + -2)) + 15 + -16.
-7
Evaluate 5 + (0 - 5) + -4.
-4
-2 - (0 - 9 - -6)
1
-3 + 3 + -3 + 4
1
What is -5 + -2 + (-17 - -27)?
3
(2 - (3 + -6)) + -1
4
Calculate 5 + -5 + (0 - 0).
0
12 - (1 - -2) - 5
4
Calculate -2 + (6 - 7) - -4.
1
(10 - 11 - (-1 + 1)) + 0
-1
Calculate (-3 - -4) + (3 - -2).
6
2 + (4 + -1 - 1)
4
5 - (-2 + 0 - (5 + -14))
-2
What is -1 + 3 - (-3 + (4 - 2))?
3
What is the value of -17 + 3 + 3 - -5?
-6
What is the value of -9 + (-12 + 16 - (-1 - 0))?
-4
Evaluate (0 - 3) + 6 + (6 - 5).
4
What is -8 + 0 + (-5 - -9) - -1?
-3
Evaluate 3 - (1 + -1 - (37 + -41)).
-1
What is -17 + (-19 - -37) - (0 + -1)?
2
What is the value of -4 - (7 + -5) - -7?
1
4 + (11 - 8 - 4) + 6
9
What is the value of (7 - 6) + -3 + -3?
-5
Evaluate 0 + -4 + 2 - -5.
3
What is (0 - (-7 + 6)) + -4?
-3
What is the value of -6 + 1 - (-7 - -5)?
-3
What is the value of -4 + 0 + 0 + (26 - 19)?
3
What is the value of 4 - (7 + 0 + 1 + 3)?
-7
Calculate -2 + -4 + (5 - 3).
-4
What is -32 + (45 - 18) - (0 + -5)?
0
Calculate (8 - (-1 + 2)) + -8.
-1
Evaluate -5 - 0 - (1 - -5 - 7).
-4
What is -1 + 3 + -4 + -2?
-4
-7 + (-3 - -9) + (-1 - -1)
-1
Evaluate (5 - 8 - -13) + 4 + -9.
5
What is the value of 13 + -17 - (0 - 1)?
-3
Calculate 8 - ((3 - 9) + 20).
-6
What is the value of 0 + -4 - (0 - (2 - 2))?
-4
Evaluate 5 + (-6 - (-5 + 8)).
-4
What is the value of 3 + -4 - 2 - (0 - 5)?
2
Calculate (-7 - (0 - 3)) + 2 - -1.
-1
Calculate -6 + 3 + (0 - 8) + 11.
0
What is 7 + -9 - -13 - (-2 - -9)?
4
(3 - -2) + (-39 - -37)
3
Calculate (10 - 2) + -5 + 2.
5
What is -43 + 27 - (2 - 10)?
-8
1 + 1 + (18 - 20)
0
Calculate 8 + 0 + -4 - (1 + 3).
0
What is -25 + 16 - (-10 + 3)?
-2
Calculate (3 - 0) + 2 + 4 + -6.
3
Evaluate -4 + 2 + -2 + 11 + -7.
0
What is the value of (17 - (-10 + 17)) + -6?
4
What is the value of -11 + 5 + (0 - -1)?
-5
Calculate (-3 + 8 - 3) + (-5 - 0).
-3
(-6 - -2) + (15 - 2 - 7)
2
Calculate -4 - -14 - (12 - -6).
-8
Calculate 2 - 0 - (-89 + 93).
-2
Calculate -2 - ((-1 - -3) + -2) - 0.
-2
What is the value of 1 + (3 - 8 - -3)?
-1
Evaluate (9 - 5) + (-9 - -2) + 5.
2
What is (2 - (0 + 1)) + 1?
2
What is the value of 3 - 0 - (51 + -45)?
-3
What is the value of 6 + 8 + 4 + -8?
10
1 + (-1 - -3) - (0 + 5)
-2
-5 - (-10 + (4 - 0))
1
What is 2 + 4 + -1 + (4 - 7)?
2
What is the value of (1 - -7) + -1 + 5 + -7?
5
(-2 + -3 - -3) + 4
2
Calculate (-44 - -37) + 10 + -3.
0
Calculate 8 + -1 + -7 + 5.
5
What is the value of -3 + -1 - (10 - 4 - 2)?
-8
Calculate (1 - (-1 - -9)) + 2.
-5
Calculate -1 + 1 - (-1 - -4 - 4).
1
What is the value of 3 + -5 - ((3 - 2) + 0)?
-3
Evaluate -11 + (-9 - -31 - 5).
6
(-1 - (2 + 1)) + (-32 - -37)
1
Calculate 0 - -8 - (-13 - -21).
0
Evaluate 5 + -5 - -1 - -4.
5
Calculate -7 - (1 - 4) - 0.
-4
What is 1 + (-3 - 3 - -4) - 1?
-2
Evaluate -4 + 7 + (3 - 2).
4
Calculate -136 + 122 + 12 + 0.
-2
What is 6 + (-2 - -1) + -8?
-3
What is the value of (-3 - (2 + -4 - 4)) + 0?
3
-5 + 22 + -25 + (0 - -5)
-3
Evaluate 3 + (0 - -1) + 8 + 